n j(-8) is divided by c(-2)?
13
Let o(j) = j**3 + 12*j**2 + 10*j + 1. What is the remainder when 58 is divided by o(-11)?
10
Let q(f) = 5*f**2 - 3*f**2 + 4*f**2 - 1 + 5*f + f**3. Let m be q(-5). Calculate the remainder when m/(2 + -3) - -6 is divided by 3.
1
Let o(t) = -13*t + 166. Let p(i) = i**3 + 3*i**2 - 2*i + 2. What is the remainder when o(11) is divided by p(-3)?
7
Let t(y) = -16*y - 2. What is the remainder when 69 is divided by t(-1)?
13
Let r = -3 + 14. Let h(q) be the first derivative of q**4/4 - 5*q**3/3 + q**2/2 + q + 2. Calculate the remainder when r is divided by h(5).
5
Let r be -1 - (-42)/(-5 - -2). Let a = -4 - r. What is the remainder when 41 is divided by a?
8
Let g = -2 + 5. Suppose -g*d + 12 = -24. What is the remainder when 21*(2/(-4))/(7/(-14)) is divided by d?
9
Let f(w) = 3*w**3 + 0*w**2 - 4*w - 2*w**3 - 3*w**2 - 3*w. Calculate the remainder when 43 is divided by f(5).
13
Let g = -23 - -45. Suppose 0 = -5*i + 4*i + g. What is the remainder when 41 is divided by i?
19
Let z(h) = -4*h - 7. What is the remainder when z(-9) is divided by 11?
7
Let s(k) = k**3 + 6*k**2 - 4*k - 6. Suppose 57*z + 81 = 66*z. Calculate the remainder when s(-4) is divided by z.
6
Let a(o) = o + 1. Let y be a(-1). Let q(u) = 7 - u + y*u - 5*u + 5*u. What is the remainder when q(3) is divided by 3?
1
Suppose k - 4*k - 3*x + 24 = 0, 0 = -k - 2*x + 11. Let z be 0 - (-3 + (-3 - -4)). Suppose z*r = 4*r - 18. Calculate the remainder when r is divided by k.
4
Suppose p = -3*p + 16. Let b = -10 - -20. Calculate the remainder when b is divided by p.
2
Let u = -139 - -225. Suppose -17*g + 12*g = -145. What is the remainder when u is divided by g?
28
Suppose -96 - 528 = 4*c. Let b = -91 - c. What is the remainder when b is divided by 22?
21
Suppose -81 = -3*t + 126. Calculate the remainder when t is divided by 12.
9
Suppose 8*y = 10*y - 14. Calculate the remainder when 27 is divided by y.
6
Suppose q - n + 2 = 12, -2*q - 3*n = -5. What is the remainder when 34 is divided by q?
6
Suppose 0 = -2*b - 3 + 11. Calculate the remainder when 8 is divided by b.
0
Let x be (-5)/25 + 21/5. Suppose 88 = 4*c - x*p, 3*c - 59 = -p + 27. Suppose -4*y + 33 = -c. Calculate the remainder when y is divided by 8.
7
Let t = 5 + 25. Calculate the remainder when t is divided by 17.
13
Calculate the remainder when 19 is divided by (-20)/(-3)*6/4.
9
Suppose -2 = b + b. Let k = 10 - b. Calculate the remainder when k is divided by (1 - -3)/((-28)/(-49)).
4
Calculate the remainder when 41 is divided by -1 + (-27)/(-1) + -1.
16
Let k = 33 + 29. Let n = -31 + k. Let t = n + -20. What is the remainder when t is divided by 6?
5
Suppose 6*b - 21 = 3*b. What is the remainder when b is divided by 3?
1
Let w(r) = -r**3 - 8*r**2 - 11*r + 12. What is the remainder when 157 is divided by w(-7)?
37
Let m(t) = t**2 - 3. Calculate the remainder when m(2) is divided by 1.
0
Let j = -12 + 8. Let d = j - -6. Suppose 3 = -d*v + 27. Calculate the remainder when 34 is divided by v.
10
Let w(n) = 4*n**2 - 2. Suppose 5*z - 80 = -4*t, -5*z - t = -0*t - 65. What is the remainder when w(-3) is divided by z?
10
Suppose -5*q + 4*t + 299 = 0, q = 6*q + t - 294. Let y = 26 + -11. Calculate the remainder when q is divided by y.
14
Let x = 132 - 94. What is the remainder when x is divided by 13?
12
Let j(c) = -9*c - 2*c + 1 - c. Calculate the remainder when 37 is divided by j(-1).
11
Suppose -4*g + g + 41 = 5*k, -35 = -3*g + k. Suppose -3*m - 13 = -43. Calculate the remainder when g is divided by m/(-60) + 86/12.
5
Let z(h) = 29*h**2 + h - 1. Let n be z(1). Suppose -27 = -4*u + n. Calculate the remainder when u is divided by 8.
6
Let c be (-1)/(1*(-2)/134). Let b = -46 + c. Calculate the remainder when b is divided by 11.
10
Suppose -20 = -4*d, -c - 6 = -5*d + 2. Let x be (14 + -11)/(1 + 0). Suppose -x*z + z + 100 = 0. What is the remainder when z is divided by c?
16
Suppose 4*v = m + 103, -3*v + 3*m = -18 - 66. Calculate the remainder when v is divided by 9.
7
Let y(o) = -2*o - 11. Let k = 10 + -1. Calculate the remainder when k is divided by y(-8).
4
Suppose 0 = 11*f - 9*f - 200. What is the remainder when f is divided by 34?
32
Let i = -18 - -8. Let x = -2 - i. What is the remainder when 13 is divided by x?
5
Suppose -k = -3 + 1. Suppose -k = u, 3*p = -5*u - 12 + 71. What is the remainder when 43 is divided by p?
20
Let w(y) = -y**3 + y**2 + 7*y + 3. Calculate the remainder when 89 is divided by w(-3).
17
Let s = -9 - -17. Suppose l = s - 5. What is the remainder when 12 is divided by l?
0
What is the remainder when 1743/63 + 4/(-6) is divided by 10?
7
Let n(x) = x + 4. Let f be n(-2). Suppose -2*u + 36 = f*u. Suppose 0 = 3*k - 0*k - 48. What is the remainder when k is divided by u?
7
Let c be (-33)/66 + 2/(-4)*3. Let j(d) = 7*d**2 - 2. Let q be j(-2). Calculate the remainder when 38 is divided by q/(3/((-3)/c)).
12
Let r = -6 - -87. What is the remainder when r is divided by 21?
18
Calculate the remainder when 4*((-42)/4)/(-7) is divided by 4.
2
Suppose 2*j - 2*r - 82 = -j, -2*r - 108 = -4*j. Calculate the remainder when j is divided by 10.
6
Suppose 2*t - 4*t - 4*j - 6 = 0, 5*j = 10. Let v(p) = 1. Let l(x) = -x + 2. Let o(n) = l(n) - 5*v(n). What is the remainder when o(t) is divided by 2?
0
Let s(k) = 3*k - 37. Let v be (-4)/6 - 10/(-6). Suppose -2*w + 7 = -v. What is the remainder when w is divided by s(13)?
0
Suppose 2*g - 24 = -4*y, 2*y - y - 20 = -4*g. Let r = 8 - g. Let c = 6 - r. What is the remainder when c is divided by 1?
0
Suppose -1388 + 593 = -5*j. Let u(x) = 5*x**2 - 2*x + 1. What is the remainder when j is divided by u(3)?
39
Suppose -69 - 21 = -3*m. Calculate the remainder when m is divided by 8.
6
Let l = -57 + 82. Calculate the remainder when 97 is divided by l.
22
Let y = -2 - -5. Suppose -y*q = q + 5*w - 29, -5*w = -5. What is the remainder when 0 + 2 - 1 - -10 is divided by q?
5
Calculate the remainder when 18 is divided by (-2)/3 - (-69)/9.
4
Let y be 0/((2 + -3)*-2). Suppose 3*s - 87 = -y*s. Calculate the remainder when s is divided by 10.
9
Suppose -5*r - 4*w - w + 135 = 0, -5*w - 5 = 0. Calculate the remainder when 1156/r - (-2)/(-7) is divided by 11.
8
Suppose 5*z = 3*m + 22, m - 2*z = 3*z - 24. Suppose 7 + 2 = f. Suppose -q - m = -f. What is the remainder when 15 is divided by q?
7
Suppose 3*w - 2*w - 33 = 0. Suppose 3*t - 2*v + 29 = 0, 3*t + v + 14 = -21. What is the remainder when w is divided by (-189)/t - 2/11?
16
Suppose -3*z - 215 = -8*z. Calculate the remainder when 169 is divided by z.
40
Let u = -7 - -21. Calculate the remainder when u is divided by 9.
5
Suppose -3*v + 9 = -3. Suppose 2*o = -4*a - 2*o - v, -2*o - 16 = -5*a. Calculate the remainder when 49/14 + 2/(-4) is divided by a.
1
Suppose 5*q + 3*x = 5*x + 95, q + 4*x - 41 = 0. Calculate the remainder when 83 is divided by q.
20
Let x(d) = -2*d - 8. Let w be x(-5). Suppose -3*f = 2*p + f - 18, -3*p - w*f = -15. What is the remainder when (-6)/(-2*3/8) is divided by p?
2
Let m(w) = -w**2 - 4 - w**3 - 4*w + 1 + 0*w**2. Suppose 3*l = c - 0*l + 2, 0 = -5*c + 4*l - 10. Calculate the remainder when 17 is divided by m(c).
8
Suppose -2*y = -12 - 14. What is the remainder when 51 is divided by y?
12
Let u(i) = i**2 - 6*i - 3. Let x be u(7). Suppose 0*n - n = -x. Calculate the remainder when 11 is divided by n.
3
Suppose -4*y = -2*k - 18, 3*y + 3*k = -5 + 14. Suppose -y*z - 4*a = -116, -5*a = -z + 3*z - 70. What is the remainder when z is divided by 9?
7
Suppose 3*f = 4*f. Suppose f = 3*x - k - 19, 3*k = -k - 16. What is the remainder when 13 is divided by x?
3
Suppose 23*m - 3 = 22*m. What is the remainder when 2 + -5 - 2*-3 is divided by m?
0
Let s = -15 + 20. What is the remainder when 24 is divided by s?
4
Let q be -2*3/(-9)*-3. Let c be (-16)/6*(-3)/q. Let s(v) = -2*v + 3. What is the remainder when 32 is divided by s(c)?
10
Let g be 1*(-105)/(-12)*8. Suppose s - g = -4*s. What is the remainder when s is divided by 8?
6
Let k = 0 - -10. Calculate the remainder when ((-12)/k)/((-10)/25) is divided by 1.
0
Suppose -2*w + 2*a + 12 = 0, -4*w + 3*a = -7*w + 24. What is the remainder when 46 is divided by w?
4
What is the remainder when 101 is divided by (6/4)/((-21)/(-476))?
33
Suppose 63 = -2*x + 5*x. Let f = 70 + 12. Calcu